ue
Is ((-3148)/12)/((-3)/27*3) prime?
True
Let c(z) = -1 + 624*z**2 + 75*z**2 + 730*z**2 - 111*z**2 - 8*z. Is c(-3) prime?
False
Let x = 11969 - 5362. Is x composite?
False
Suppose -2359 = -16*d + 633. Is d prime?
False
Let d be 3 + -1 + (6 - 10). Let i be ((-620)/(-30))/(d/3). Let p = i - -69. Is p composite?
True
Let u(z) be the second derivative of z**4/6 + 2*z**3 + 7*z**2 + 53*z. Is u(-6) a composite number?
True
Let x = -12827 + 26904. Is x a prime number?
False
Is -750*8/36*-162 - -7 a prime number?
False
Let f be (2/8)/(68/32 - 2). Suppose -2*y - h + f*h = -935, -2*y = -3*h - 937. Is y prime?
True
Let z = 470 - 167. Suppose -2*x + z = 5*u, -x + 4*u + 147 = 2*u. Is x prime?
True
Suppose -m - 19 = 2*l, 5*l - 2*m - 3*m = -70. Is (1759/(-6))/(l/66) a composite number?
False
Let l = -2844 + 1549. Let t = -706 - l. Is t composite?
True
Suppose -5*b = -9*b + 16. Suppose -3*r - 4*w + 7 + 37 = 0, -4*w + b = r. Suppose 74 + r = 4*d - 3*u, 0 = -d - u + 20. Is d a prime number?
False
Suppose -126 = 3*c + 4*i - i, 0 = i + 3. Let r = c - -35. Is 381 - (4 - r/(-1)) a composite number?
True
Let j(a) = -261*a**2 - a + 1. Let w be j(1). Let i = 626 - w. Is i a prime number?
True
Suppose -g + 2*g - 8885 = -5*t, 1777 = t + 4*g. Is t prime?
True
Let h(j) = 73*j + 10 - 46 + 27*j**2 - 65*j. Is h(-11) a prime number?
False
Suppose 14*x - 12 = 10*x. Suppose -2063 = -4*a + j, x*j - 539 = -3*a + 997. Is a a composite number?
True
Let k(j) be the third derivative of -23*j**4/3 - j**3/2 + 11*j**2. Is k(-7) a composite number?
True
Suppose -2*w + 40387 = 5*y, y + 1583 = w - 18600. Is w composite?
True
Let h(t) = t**2 + 4*t - 1. Let l be h(-5). Suppose o = r + 1222, 4*o + 20*r - 4888 = 17*r. Suppose l*q - o = 238. Is q a prime number?
False
Let h = -4 - -4. Suppose h = -k - 7 + 9. Suppose 0 = k*a - 201 - 67. Is a a composite number?
True
Let i = -982 - -1656. Is i prime?
False
Let z(g) = -g**2 + 2*g + 187. Let f be z(0). Suppose -3*q + f = -2*q. Is q a composite number?
True
Suppose 0 = -4*u + 3*u + 318. Suppose 2602 = 4*f - u. Let a = f - 467. Is a a prime number?
True
Suppose -2 = -4*w + 10. Is (5 - (1 - -2))*(8 - w) a composite number?
True
Is (312656/(-40))/(6/(-15)) prime?
True
Let s(g) = -17*g**3 - 7*g**2 + 8*g + 4. Let x be s(6). Let c = -2554 - x. Is c a prime number?
False
Suppose 21*a = 20*a - 16. Is a/(-24) + (-4106)/(-6) composite?
True
Let z(x) be the third derivative of x**7/2520 - x**6/360 - x**5/60 - x**4/12 - 6*x**2. Let p(c) be the second derivative of z(c). Is p(-3) prime?
True
Let c = 18 - 12. Suppose 3*q - o - 362 - 1096 = 0, -2*o = -c. Is q composite?
False
Let f be 0 - (-2 - -5 - 87). Let k = 25 + 2. Let g = f + k. Is g composite?
True
Is (78/84 + (-15)/35)*5878 prime?
True
Let b(u) = -72*u**2 + 2*u - 4. Let p be b(2). Let r = 632 + p. Let n = r + -159. Is n a composite number?
True
Let n(m) = 761*m + 108. Is n(43) prime?
True
Let f be -1*3/(0 + -1). Let y be (-3 + 5)*-2307*4/(-24). Suppose -2*n + 357 = -5*b, 4*n + f*b - y = 2*b. Is n prime?
True
Suppose -d + 1558635 = 38*d. Is d composite?
True
Let t be 2/((-8)/(-46)) - (-19)/38. Suppose t*m - 12265 = m. Is m composite?
True
Let u(b) = 16*b**3 + 6*b**2 + 18*b - 75. Is u(7) a composite number?
True
Let n = 1760 - 1053. Is n composite?
True
Is -254*((-76)/(-16) - 5)*254 a prime number?
False
Suppose p - 3*p + 20 = 0. Suppose -2*q + p - 6 = 0. Suppose 0*j = q*j - 374. Is j composite?
True
Suppose -227*o = -222*o - 16765. Is o a composite number?
True
Is 679371/85 - (-2)/5 a prime number?
True
Let g = 45100 + -25187. Is g a prime number?
True
Let f be (279804/45)/14 - (-4)/(-30). Is (2/4)/((-886)/f - -2) a composite number?
True
Let k(j) = 125*j + 37. Let x(d) = 2*d**3 - 11*d**2 + 8*d - 11. Let l be x(5). Is k(l) a prime number?
False
Suppose 2*i - 3*a - 100925 = 0, -3*i + 2*a = -104514 - 46861. Is i a composite number?
True
Let c = 7 - 2. Suppose 2*s - 3*d + 4696 = 6*s, 0 = -c*s + 4*d + 5839. Is s prime?
True
Suppose 20*u - 27 = 23*u. Is (-24)/(-20)*(-75)/u a composite number?
True
Let m(w) = -8043*w + 187. Is m(-2) composite?
False
Let w(o) = -6*o**3 + 4*o**2 + 1. Let y be w(-2). Suppose 48*a - y = 43*a. Is a prime?
True
Suppose -4*l = l - 15. Suppose l*n = -3*s - s + 1071, 5*n - 1793 = -4*s. Is n a composite number?
True
Let k = 634 - 1137. Let c = 1955 - k. Is c composite?
True
Suppose 11*a - 198385 = 15466. Is a a prime number?
True
Suppose -j - 11 = 2*x - 0*j, -3*j = 3*x + 21. Is 2503/5*(x - -9) a prime number?
True
Suppose 0 = -3*r - 4*m + 10307, -m + 8424 + 1877 = 3*r. Is r a composite number?
False
Suppose 2*l + 31 = 5*n, 3*n + 27 = -5*l - 4. Let m(k) = 8*k**2 - k + 43. Is m(l) a prime number?
True
Let d(k) = -k - 18. Let y be d(-12). Let r be (-4)/(-2 - y)*-83. Let p = 58 + r. Is p prime?
False
Let z be 3/(-9) + 74/6. Is 307*(-2)/((-8)/z) prime?
False
Let y be (0 + -224)/(((-2)/3)/(-1)). Let m = -223 - y. Is m a composite number?
False
Suppose -5*j + 19 - 4 = 0. Suppose j*x - 5 - 4 = 0. Suppose -x*g - 502 = -5*g. Is g a composite number?
False
Suppose -4*f - 3*m + 21 = 1, 2*f = m. Suppose -f*z = -19758 - 44. Is z a prime number?
True
Let d(a) be the first derivative of 88*a**4 + a**2 - a - 22. Is d(1) prime?
True
Suppose 109735 = 18*w - 18335. Is w composite?
True
Suppose 10*b - 839 = 671. Suppose -b = -3*j - 4*g + 46, -2*j = -g - 146. Is j composite?
False
Let l be (-2364)/(16/4)*1. Let u = l - -1010. Is u a prime number?
True
Suppose -3*a = 3*s - 2682, -317 - 567 = -a + s. Suppose -6*x = -x. Suppose x = 3*p - 10*p + a. Is p a composite number?
False
Let n(b) = -55*b + 10. Let g be n(-15). Let z = -584 + g. Is z prime?
True
Let f(k) = -6*k**3 + k**2 + 6*k - 4. Let w(d) = 3*d + 15. Let p be w(-6). Is f(p) a prime number?
True
Let k be ((-12864)/10)/(-1) + 56/(-140). Suppose 3*h = k + 3436. Is h a composite number?
True
Let j be ((-1)/2)/((-2)/20). Let a(p) = 24*p**2 + 2*p + 1. Is a(j) prime?
False
Suppose -5*m = 2*u - 20, 2*m + u - 9 = -0*m. Suppose 3*b + m*f = 1400, -5*b + f + 2334 = 5*f. Is b prime?
False
Let q be 1 - 2/(6/45). Let t = q - -162. Suppose v + 3*v = t. Is v a composite number?
False
Let a(h) = -8*h + 25. Let p be a(-14). Suppose 3*m - 2*m - 2*v = p, -4*v - 147 = -m. Is m a prime number?
True
Suppose 7*g - 4*g = 39. Let z = g - 11. Suppose -z*d + 242 = -0*d. Is d composite?
True
Let l be (-25)/(-6) - (-4)/(-24). Suppose -4*h + 2*o = -0*o + 58, -52 = 4*h - l*o. Is 5702/22 - h/(-88) prime?
False
Let l(t) = t**2 - 22*t - 31. Let q be l(23). Is ((-4)/(-8))/((-2)/q) + 539 composite?
False
Let s be 131640/105 + 2/7. Suppose -5*x + s = 4*c - 0*x, -3*c + 2*x = -952. Is (4 - 3)/(4/c) composite?
False
Let s(r) = 27*r**3 - 11*r**2 + 97. Is s(11) prime?
True
Let x(k) = -3*k**3 - 9*k**2 + 7*k - 14. Let p(v) = v**3 + 1. Let q(b) = 5*p(b) + x(b). Is q(6) composite?
True
Let u = -214 - 108. Let d = u + 467. Is d composite?
True
Is (-1)/((-6)/(-4)) - (-582054)/198 composite?
False
Let z be (-8)/(-36) - (-295)/9. Suppose -1709 + z = -4*j. Is j composite?
False
Suppose -2721 = 4*j - 14573. Suppose -j = -5*x + 722. Is x a composite number?
True
Let i be (-17010)/(-75) + 12/(-15). Suppose 3*b = -2*b. Suppose b*w = w - i. Is w composite?
True
Suppose 15*p - 16*p + 37 = 0. Suppose p*k = 38*k - 113. Is k a composite number?
False
Let z(s) = s**2 - 3*s + 3. Let y = -27 - -41. Let m be y/3 - 4/6. Is z(m) composite?
False
Let k be (54/10 - (-21)/(-7))*65. Is (907/(-4))/((-13)/k) prime?
False
Let b be -2 + 2/1 + 5. Suppose -185 = -u + 2*s, -3*u - b*s - 170 + 736 = 0. Is u a prime number?
False
Suppose 412881 = -119*b + 140*b. Is b composite?
False
Let a(r) = -4237*r + 709. Is a(-24) a composite number?
False
Let u(h) be the first derivative of 3*h**4/4 - h**3/3 - 2*h**2 - 3*h - 7. Is u(4) prime?
True
Let k(u) = -3*u**3 + 2*u**2 - 4*u + 2. Let n be k(1). Is ((-559)/4*-1)/(n/(-12)) composite?
True
Suppose 2*d - 8 = -2*g, 5 - 8 = -3*d. Suppose 0 = 3*t + g*c - 4011, c + 7725 = 5*t + 1040. Is t prime?
False
Suppose -2*l = -4*l + 16. Suppose l - 2 = -s. Let f(g) = -30*g + 1. Is f(s) a prime number?
True
Suppose -8 = -2*d - 2*d. Suppose 181 = 3*v - l, -d*v = -l - 0*l - 122. Is v a prime number?
True
Let p = 2497 + 1476. Is p a prime number?
False
Suppose -z - 3 = 0, -3*z + 4 = -b - 4. Let l = -13 - b. 